In base 7, what is 40234632 - -4?
40234636
In base 12, what is 4b4 - 4b?
465
In base 10, what is 39 - 2391?
-2352
In base 16, what is -5b588 - 3?
-5b58b
In base 12, what is 1123 - 67?
1078
In base 6, what is -1241 + -1030?
-2311
In base 5, what is -420323344 + -4?
-420323403
In base 6, what is 1410132 - 1?
1410131
In base 6, what is 1 + 535455?
535500
In base 8, what is -4634 + -41?
-4675
In base 4, what is 113103 - -331?
120100
In base 5, what is 1303313214 + 4?
1303313223
In base 2, what is 11 + -100010010011101000?
-100010010011100101
In base 3, what is -1112 + -10010?
-11122
In base 12, what is 61 + -5485?
-5424
In base 8, what is -67440 + 13?
-67425
In base 6, what is -2 - 5004421?
-5004423
In base 5, what is -1003042203 - -10?
-1003042143
In base 9, what is 674 + -5650?
-4865
In base 4, what is -10 + -1002003012?
-1002003022
In base 13, what is 0 + -6447?
-6447
In base 6, what is -5 - 3104?
-3113
In base 13, what is 33c0 + 4?
33c4
In base 12, what is -322417 - -3?
-322414
In base 3, what is 22 + -10211221?
-10211122
In base 6, what is -20 - -255035?
255015
In base 16, what is -3ef1 + 1?
-3ef0
In base 7, what is 25 + 31444?
31502
In base 7, what is 101 - 210?
-106
In base 16, what is 2 + 35b6?
35b8
In base 7, what is -12440 - 21?
-12461
In base 9, what is 5 + 548447?
548453
In base 16, what is 511f6c - 0?
511f6c
In base 10, what is 159873 + 5?
159878
In base 7, what is 5 + 3423201?
3423206
In base 12, what is -a443 - 3?
-a446
In base 8, what is -13 - 4625?
-4640
In base 11, what is 104 + -125?
-21
In base 5, what is 132 - 1112411?
-1112224
In base 4, what is 232131331 - 33?
232131232
In base 7, what is -1 + 1504?
1503
In base 3, what is -1020220022 - 10?
-1020220102
In base 15, what is -2 - -3d4bc?
3d4ba
In base 11, what is 5 - 28534?
-2852a
In base 14, what is -14 + -ca6?
-cba
In base 10, what is -15610 + 5?
-15605
In base 8, what is -311073 + 4?
-311067
In base 2, what is -110 - -100010010101001000110?
100010010101001000000
In base 16, what is -1 - -5afe4?
5afe3
In base 9, what is -2153 - 127?
-2281
In base 11, what is 95 - 23a?
-155
In base 8, what is -121567 + -14?
-121603
In base 11, what is 77 + -6519?
-6452
In base 12, what is 2a - 2a5a1?
-2a573
In base 6, what is 521333 + -4?
521325
In base 5, what is 402102 - 11?
402041
In base 8, what is 262 - 3?
257
In base 10, what is 117 + 1271?
1388
In base 2, what is -1010000110111001 - -100?
-1010000110110101
In base 10, what is -7 - -65072?
65065
In base 4, what is 2233 + 2011?
10310
In base 14, what is -d1b8 - -3?
-d1b5
In base 16, what is 1 + 3eb2?
3eb3
In base 11, what is 336 + -a18?
-692
In base 12, what is 12ba0 + 4?
12ba4
In base 6, what is -23424 + 1?
-23423
In base 10, what is 2 + 27433?
27435
In base 9, what is 27 - 2504?
-2466
In base 15, what is 160 + e1?
251
In base 3, what is -1111022 + -21122?
-1202221
In base 14, what is -2285 - 7?
-228c
In base 7, what is 160 + 41046?
41236
In base 16, what is -a3a2 - -4?
-a39e
In base 14, what is 3 + 2a63?
2a66
In base 4, what is 20 + 10211?
10231
In base 15, what is -5284a - 4?
-5284e
In base 7, what is 160 - 2102?
-1612
In base 15, what is -2bed + a?
-2be3
In base 10, what is 5 - 466768?
-466763
In base 8, what is 15 + 6330?
6345
In base 8, what is 123515 + 0?
123515
In base 12, what is -1616 - 262?
-1878
In base 3, what is -10 + -2112020?
-2112100
In base 11, what is 21a + 154?
373
In base 5, what is 3 + -120433104?
-120433101
In base 12, what is -1678 - 10?
-1688
In base 7, what is 2 + -200633?
-200631
In base 3, what is -1211200001012 - -10?
-1211200001002
In base 11, what is -350a66 + 3?
-350a63
In base 5, what is 13242 + 42440?
111232
In base 13, what is -c1 + 44?
-7a
In base 10, what is 47 - -292?
339
In base 7, what is 64 - 12663?
-12566
In base 7, what is -23100 - 26?
-23126
In base 11, what is a03 - -104?
1007
In base 11, what is 891 + 98?
979
In base 10, what is -2 + 1539757?
1539755
In base 9, what is 12661 + 7?
12668
In base 2, what is 1 - -1100010001010110110?
1100010001010110111
In base 10, what is 0 - -282325?
282325
In base 2, what is -10010011110111 - -11?
-10010011110100
In base 15, what is -1d - 46a?
-488
In base 7, what is -2 + 4132?
4130
In base 12, what is 104 - -5b1?
6b5
In base 15, what is b37 - -78?
bb0
In base 15, what is 2 - -6746?
6748
In base 4, what is 130333033 - 2?
130333031
In base 10, what is -12 + -12063?
-12075
In base 3, what is -2002221 - -20?
-2002201
In base 3, what is 1100022 + 2021211?
10122010
In base 9, what is 4 - 601026?
-601022
In base 6, what is 214 + -333?
-115
In base 15, what is 226d - 9?
2264
In base 14, what is -5271 - 61?
-52d2
In base 10, what is 26287 + 1?
26288
In base 4, what is -110 + -213022?
-213132
In base 2, what is 1010 - 100111001000111101?
-100111001000110011
In base 10, what is 448 + 34?
482
In base 12, what is 0 + -1a870a?
-1a870a
In base 14, what is 145206 - 3?
145203
In base 8, what is 3203 + -465?
2516
In base 5, what is 312443 - 0?
312443
In base 14, what is 392da - 0?
392da
In base 4, what is 0 - 22132013?
-22132013
In base 12, what is b8942 - 0?
b8942
In base 7, what is 1102 + 1131?
2233
In base 10, what is -28261 + 0?
-28261
In base 2, what is 1 + 11101000100101101000?
11101000100101101001
In base 6, what is 153 - -202?
355
In base 12, what is 9 + 109691?
10969a
In base 16, what is 0 - -11a9?
11a9
In base 4, what is -3 - -3013331?
3013322
In base 16, what is -454 - -a?
-44a
In base 16, what is d738 + -3?
d735
In base 7, what is -564 + 2161?
1264
In base 2, what is 11 - -10001110110101?
10001110111000
In base 13, what is 339098 + -3?
339095
In base 14, what is 0 + 94892?
94892
In base 7, what is -530100 - -1?
-530066
In base 7, what is -1523126 - 0?
-1523126
In base 10, what is -17 - -59?
42
In base 11, what is 68 - 1634?
-1577
In base 8, what is -36224 + 1?
-36223
In base 12, what is 5 - -7a7b4?
7a7b9
In base 12, what is -7915 + 5?
-7910
In base 5, what is -10143 + 404?
-4234
In base 15, what is 2e + 2a1?
2d0
In base 16, what is -2d5 - -8a6?
5d1
In base 3, what is -1011221000 - -11?
-1011220212
In base 6, what is -1 + 4552313?
4552312
In base 9, what is -84842 - -3?
-84838
In base 8, what is 25 - -57225?
57252
In base 6, what is -101 - -221154?
221053
In base 11, what is -4 - -8057?
8053
In base 4, what is 200 - 120220120?
-120213320
In base 6, what is -1322 + -2?
-1324
In base 3, what is 1102222012022 - 11?
1102222012011
In base 16, what is -ae9 + -2?
-aeb
In base 7, what is 63656 + -4?
63652
In base 11, what is 88 - 330?
-253
In base 14, what is -55 - c7?
-13c
In base 9, what is 168 + -51?
117
In base 16, what is -59fe2 - 5?
-59fe7
In base 6, what is -5 - 55223?
-55232
In base 10, what is 1343017 - 4?
1343013
In base 7, what is 16 + 226005?
226024
In base 8, what is 31 + -15553?
-15522
In base 3, what is 110100001 - -12222?
110120000
In base 10, what is -2 - 33563?
-33565
In base 11, what is -3 + -14063?
-14066
In base 11, what is 2168079 - 0?
2168079
In base 7, what is -230553 + 42?
-230511
In base 13, what is -8 + 95c?
954
In base 6, what is -15005 - -115?
-14450
In base 13, what is -2 + 38284?
38282
In base 13, what is -1 - 1b317c?
-1b3180
In base 2, what is -11001100 + 101110001?
10100101
In base 14, what is -1 + -9d51?
-9d52
In base 7, what is -15 + 1240215?
1240200
In base 3, what is -20 - 2110011?
-2110101
In base 2, what is -110100001110011 + -10100?
-110100010000111
In base 12, what is -2 - -19277?
19275
In base 11, what is 1311 - 15?
12a7
In base 15, what is -aa79 + -103?
-ab7c
In base 3, what is 10012212 + 22122?
10112111
In base 6, what is 32402300 - 0?
32402300
In base 12, what is -44472 - -1?
-44471
In base 13, what is -5 - b379?
-b381
In base 15, what is 2 + 137?
139
In base 7, what is 124605 - -20?
124625
In base 2, what is 10010110110011100 - -100?
10010110110100000
In base 15, what is 49aa59 + 3?
49aa5c
In base 5, what is -3340001 - 12?
-3340013
In base 8, what is 1071376 - -5?
1071403
In base 6, what is -231540 - 13?
-231553
In base 10, what is 2655 - 0?
2655
In base 6, what is 440345 - 0?
440345
In base 16, what is -93 - -23b?
1a8
In base 3, what is -11 - 2000022122?
-2000022210
In base 3, what is -101 - 11020202220?
-11020210021
In base 13, what is -3 + -90a?
-910
In base 12, what is -83 + -206a?
-2131
In base 2, what is 10111100111101